2
26
31 (base 6) to base 10
19
Convert -123 (base 6) to base 5.
-201
What is 10 (base 3) in base 13?
3
What is 240 (base 6) in base 13?
75
What is -147 (base 9) in base 3?
-11121
What is 1 (base 10) in base 3?
1
Convert 6 (base 15) to base 5.
11
What is -202 (base 4) in base 8?
-42
Convert -19 (base 11) to base 14.
-16
Convert 55 (base 16) to base 12.
71
Convert 300 (base 10) to base 13.
1a1
Convert 200 (base 4) to base 7.
44
Convert 100201 (base 3) to base 9.
321
110 (base 4) to base 2
10100
Convert -122 (base 7) to base 11.
-5a
Convert -13 (base 4) to base 3.
-21
Convert -10011100 (base 2) to base 14.
-b2
Convert 20 (base 4) to base 7.
11
Convert -3 (base 4) to base 2.
-11
Convert 2a (base 14) to base 3.
1102
What is -1a (base 13) in base 8?
-27
Convert -6a (base 14) to base 15.
-64
Convert 13 (base 10) to base 4.
31
Convert -8 (base 12) to base 13.
-8
189 (base 10) to base 16
bd
Convert -10 (base 3) to base 9.
-3
-341 (base 5) to base 7
-165
What is 5 (base 16) in base 5?
10
What is -2 (base 14) in base 3?
-2
Convert -17 (base 16) to base 6.
-35
Convert -5 (base 13) to base 15.
-5
Convert -1 (base 10) to base 7.
-1
What is -1b (base 15) in base 16?
-1a
213 (base 4) to base 2
100111
Convert -1100 (base 5) to base 10.
-150
What is 41 (base 6) in base 13?
1c
Convert -13 (base 8) to base 6.
-15
1011 (base 2) to base 8
13
79 (base 11) to base 8
126
Convert 10 (base 3) to base 7.
3
Convert -30 (base 8) to base 3.
-220
What is -1 (base 8) in base 3?
-1
What is -1 (base 14) in base 10?
-1
Convert 253 (base 8) to base 10.
171
Convert 21 (base 15) to base 6.
51
Convert -10 (base 14) to base 16.
-e
Convert 11 (base 3) to base 7.
4
Convert -1110 (base 5) to base 8.
-233
What is -100 (base 3) in base 5?
-14
-b (base 15) to base 2
-1011
Convert -14 (base 5) to base 3.
-100
Convert e (base 16) to base 12.
12
4 (base 16) to base 11
4
What is 5 (base 11) in base 3?
12
What is -6 (base 15) in base 12?
-6
What is 22 (base 6) in base 10?
14
What is -104 (base 9) in base 16?
-55
What is -10 (base 15) in base 4?
-33
What is -ba (base 12) in base 15?
-97
-34 (base 7) to base 9
-27
0 (base 12) to base 11
0
Convert -10 (base 2) to base 10.
-2
What is 15 (base 12) in base 4?
101
What is 2 (base 3) in base 16?
2
What is 32 (base 15) in base 12?
3b
What is -3 (base 12) in base 10?
-3
What is 110 (base 2) in base 12?
6
4 (base 8) to base 3
11
What is -b6 (base 15) in base 9?
-210
-23 (base 15) to base 2
-100001
Convert 63 (base 12) to base 11.
69
-11100 (base 3) to base 11
-a7
-1 (base 3) to base 5
-1
What is -140 (base 6) in base 2?
-111100
Convert 101 (base 2) to base 9.
5
Convert 21 (base 7) to base 14.
11
What is -5 (base 7) in base 2?
-101
What is a (base 12) in base 8?
12
Convert -58 (base 11) to base 14.
-47
Convert 1 (base 16) to base 3.
1
Convert 10 (base 4) to base 14.
4
-4 (base 7) to base 3
-11
Convert 221 (base 8) to base 11.
122
Convert -212 (base 11) to base 9.
-313
-11000 (base 2) to base 15
-19
-20 (base 5) to base 4
-22
What is 5 (base 14) in base 2?
101
-a (base 11) to base 6
-14
Convert -2212 (base 4) to base 12.
-11a
Convert 5 (base 12) to base 5.
10
-3 (base 4) to base 14
-3
1100 (base 2) to base 14
c
123 (base 5) to base 15
28
What is 130 (base 5) in base 10?
40
Convert -23 (base 6) to base 16.
-f
-1 (base 5) to base 7
-1
Convert -25 (base 11) to base 5.
-102
340 (base 7) to base 8
257
48 (base 14) to base 12
54
Convert -3 (base 10) to base 14.
-3
-1 (base 16) to base 7
-1
What is 120 (base 3) in base 12?
13
What is -5 (base 10) in base 12?
-5
What is -24 (base 6) in base 14?
-12
1 (base 9) to base 5
1
Convert -4 (base 13) to base 7.
-4
What is -3 (base 10) in base 15?
-3
What is -98 (base 11) in base 12?
-8b
Convert -100 (base 4) to base 11.
-15
-10 (base 10) to base 9
-11
Convert 100101 (base 3) to base 12.
191
11002 (base 3) to base 9
132
51 (base 6) to base 11
29
Convert -54 (base 7) to base 2.
-100111
-9 (base 10) to base 9
-10
What is 1 (base 16) in base 2?
1
Convert 0 (base 9) to base 14.
0
-254 (base 9) to base 12
-157
1b (base 16) to base 11
25
Convert 100001 (base 2) to base 5.
113
0 (base 9) to base 10
0
158 (base 9) to base 14
98
3a (base 14) to base 9
57
Convert 1332 (base 4) to base 3.
11200
Convert -11 (base 2) to base 11.
-3
What is -1001 (base 2) in base 16?
-9
-16 (base 10) to base 5
-31
What is 0 (base 3) in base 16?
0
Convert -1 (base 8) to base 6.
-1
Convert 3 (base 4) to base 7.
3
0 (base 10) to base 11
0
Convert 2 (base 15) to base 13.
2
Convert -17 (base 13) to base 16.
-14
Convert 2 (base 14) to base 10.
2
Convert -16 (base 16) to base 15.
-17
Convert 92 (base 15) to base 7.
254
What is 2 (base 9) in base 7?
2
-100001 (base 2) to base 10
-33
What is 7d (base 16) in base 8?
175
-3 (base 5) to base 4
-3
Convert -9 (base 14) to base 6.
-13
a (base 12) to base 3
101
-121 (base 4) to base 16
-19
What is 0 (base 14) in base 9?
0
-5 (base 10) to base 8
-5
Convert -45 (base 6) to base 9.
-32
Convert 24 (base 10) to base 9.
26
3330 (base 4) to base 14
140
43 (base 12) to base 6
123
Convert -5 (base 13) to base 5.
-10
59 (base 10) to base 4
323
What is -111001 (base 2) in base 10?
-57
Convert -100 (base 2) to base 9.
-4
110 (base 8) to base 15
4c
What is 2 (base 5) in base 10?
2
-3 (base 9) to base 3
-10
Convert -2 (base 15) to base 6.
-2
Convert 3 (base 4) to base 14.
3
-211 (base 4) to base 14
-29
Convert 30 (base 6) to base 10.
18
-101010 (base 2) to base 15
-2c
-3 (base 4) to base 16
-3
Convert -10 (base 3) to base 7.
-3
What is -135 (base 7) in base 16?
-4b
What is -14 (base 14) in base 16?
-12
What is -101 (base 2) in base 8?
-5
Convert 4 (base 7) to base 10.
4
Convert -41 (base 15) to base 7.
-115
-46 (base 16) to base 15
-4a
200 (base 3) to base 5
33
Convert 17d (base 15) to base 14.
1a7
5 (base 15) to base 16
5
Convert -1221 (base 3) to base 15.
-37
Convert 3 (base 8) to base 3.
10
What is -1 (base 7) in base 13?
-1
Convert 0 (base 10) to base 6.
0
What is -28 (base 9) in base 3?
-222
What is -9 (base 11) in base 8?
-11
Convert -38 (base 9) to base 7.
-50
What is -1 (base 8) in base 13?
-1
Convert 1 (base 4) to base 9.
1
-3021 (base 4) to base 6
-533
Convert 69 (base 11) to base 14.
55
What is -27 (base 11) in base 9?
-32
Convert 1 (base 6) to base 8.
1
What is -7 (base 14) in base 11?
-7
3 (base 14) to base 12
3
Convert 0 (base 7) to base 13.
0
12 (base 15) to base 16
11
27 (base 9) to base 13
1c
What is -57 (base 14) in base 8?
-115
Convert 56 (base 16) to base 4.
1112
What is 9 (base 12) in base 8?
11
Convert -10 (base 6) to base 5.
-11
Convert -10 (base 2) to base 9.
-2
What is 6 (base 7) in base 3?
20
What is 29 (base 14) in base 4?
211
What is -186 (base 10) in base 3?
-20220
What is 6a (base 11) in base 3?
2211
What is 28 (base 13) in base 4?
202
-1 (base 9) to base 10
-1
-4 (base 12) to base 9
-4
1a6 (base 16) to base 12
2b2
d (base 14) to base 4
31
Convert -131 (base 4) to base 2.
-11101
-202 (base 4) to base 6
-54
Convert -2 (base 10) to base 4.
-2
-10 (base 2) to base 3
-2
Convert -69 (base 10) to base 11.
-63
What is 162 (base 7) in base 10?
93
What is 365 (base 7) in base 6?
522
Convert 11 (base 16) to base 9.
18
What is -1 (base 11) in base 14?
-1
Convert 1211 (base 3) to base 12.
41
110000 (base 2) to base 11
44
Convert 0 (base 14) to base 5.
0
-6 (base 11) to base 9
-6
Convert -14 (base 11) to base 13.
-12
What is -332 (base 8) in base 4?
-3122
11 (base 11) to base 8
14
-5 (base 16) to base 5
-10
Convert -22 (base 6) to base 13.
-11
Convert -121 (base 3) to base 2.
-10000
What is 2 (base 15) in base 4?
2
Convert 12 (base 4) to base 16.
6
Convert 7 (base 13) to base 12.
7
Convert -1 (base 6) to base 3.
-1
10 (base 2) to base 4
2
-10 (base 16) to base 11
-15
-103 (base 6) to base 9
-43
Convert 0 (base 16) to base 13.
0
What is -63 (base 10) in base 8?
-77
-246 (base 7) to base 9
-156
-12 (base 8) to base 15
-a
What is -16 (base 8) in base 9?
-15
What is 6 (base 12) in base 2?
110
14 (base 15) to base 2
10011
Convert 2 (base 12) to base 10.
2
What is -111 (base 5) in base 11?
-29
Convert 3 (base 4) to base 15.
3
Convert 2 (base 6) to base 12.
2
What is -59 (base 11) in base 2?
-1000000
What is 133 (base 6) in base 3?
2010
Convert 1 (base 10) to base 5.
1
What is -10 (base 2) in base 13?
-2
-12 (base 9) to